 (8 - 11) - 3.
7
What is the value of 0 - 3 - -6 - -1 - 9?
-5
What is the value of -8 + -5 + 11 + 2 + 5?
5
What is -49 + 50 - (6 - (-1 + 1))?
-5
What is 3 - (6 + -1) - -1 - -1?
0
Calculate 12 + 4 + -8 + (-3 - 0).
5
What is the value of (-7 - -1) + 4 + -1?
-3
Calculate 15 + -14 + -1 + 3 + 1.
4
3 + -6 + 4 + (0 - 4)
-3
What is the value of 4 - 11 - (0 + -7)?
0
-2 + 4 + -1 + 1 - -1
3
Evaluate 0 + 10 - (-1 + 7).
4
Calculate (-6 - -3) + 2 + 2 - 4.
-3
What is 5 + (16 - 7) + -8?
6
Evaluate 2 + 1 + (5 + 0 - 5).
3
What is the value of (1 - (4 - -1) - -1) + 13?
10
-4 + -3 + (4 - 0) - -8
5
What is the value of -16 + -2 - -13 - (-9 - 1)?
5
Calculate -14 - -10 - (3 + 4 + -9).
-2
Calculate -8 - (-3 - (-2 + -1 + 3)).
-5
Calculate -6 + 5 + 3 + -3.
-1
What is the value of 1 + 2 + (-2 - -1) + 2?
4
Evaluate -20 - -14 - (3 + 3 - 2).
-10
What is 4 + -4 + 5 + -1 - 1?
3
-26 + 32 + -2 + 0
4
Calculate (-10 - -16) + -6 + 2.
2
(0 - -5 - 6) + 0
-1
Evaluate 0 - (-8 + 5 + 10 - 3).
-4
-58 + 54 - (-5 - 1)
2
Calculate 0 - 1 - (2 + 0 + -6).
3
Evaluate (5 - 6 - -4 - -2) + -13.
-8
-3 - (3 + 4 + -7) - 2
-5
Evaluate (3 - 8) + 5 + 6.
6
-5 + -1 - (-4 + 2)
-4
What is the value of (-2 - -16) + (47 - 55)?
6
Calculate -2 + (-8 - (5 - 11)).
-4
Evaluate 2 + (0 + 0 - 6).
-4
What is the value of (-12 + 8 - 4) + 1?
-7
Calculate -1 - 1 - (35 - 39) - -4.
6
Evaluate 3 - -3 - (-16 + 23).
-1
Evaluate (-1 + -2 + 1 - -5) + 1.
4
Evaluate (1 - -1) + (9 - 8).
3
What is (-4 - -2) + 18 - 7?
9
What is 7 - (-4 - -10) - (2 + 1)?
-2
Evaluate (-5 - (-4 - -4)) + -5 + 3.
-7
What is the value of 4 + (1 - 4 - (-1 + 0))?
2
Evaluate -4 - (7 + -1) - -6.
-4
-10 + (-15 + 37 - 8)
4
What is -1 + 2 + 2 - (17 + -12)?
-2
-5 + (-1 - (4 + -8))
-2
Evaluate (0 - -3 - 7) + 5.
1
What is the value of -61 - -48 - (1 + -17)?
3
-1 + 6 + (36 - 35) + 0
6
What is the value of -10 + 6 + (-13 - 0) - -6?
-11
What is -3 - (-3 - -5 - 5)?
0
What is 5 - (24 - (2 + 8))?
-9
Evaluate -3 - (-6 + 2) - (-1 + 1).
1
What is -27 + 27 + 6 + -2?
4
What is the value of -2 - 13 - (-77 + 72)?
-10
What is 3 - 4 - ((-1 - 2) + 5)?
-3
-2 - (-1 + -3 - (-8 + 2))
-4
What is (-3 - -4) + -2 + 4?
3
What is the value of -1 - -3 - 9 - (1 - 5)?
-3
Calculate 1 + -3 - (24 - 25).
-1
-1 + 0 - (-1 + 4 - 5)
1
What is the value of 0 + (4 - (3 + 4) - 0)?
-3
Calculate (-3 - (2 + 2) - -4) + 3.
0
(7 - 4) + -7 + 2 + -4
-6
Calculate -5 - (7 - (12 - (1 + 5))).
-6
Calculate -2 + 4 - (25 + -21).
-2
Evaluate -3 + 2 + 1 - -1.
1
-4 + (-10 - (0 - 8))
-6
What is -2 + (5 - -2) + (-39 - -34)?
0
What is the value of -6 + -7 + 9 + 5 + -3?
-2
Calculate 7 + (4 - ((-6 - 0) + 10)).
7
Calculate -2 - (7 - (8 - (4 - 5))).
0
What is the value of 11 + -20 + (-6 - -17)?
2
Evaluate 7 + -6 + (-15 - -21).
7
Calculate 6 - (52 + -44 + 1 + 1).
-4
What is the value of -5 + -6 + (-3 - -11)?
-3
What is the value of 3 + 0 + -1 + 0 + -2?
0
What is the value of -3 - (-1 - (-2 - (-2 + -1)))?
-1
What is the value of 1 - (-4 - (-13 - -5))?
-3
What is 6 + -8 + 2 + 1 - -4?
5
What is the value of -4 - ((3 - 7) + -1)?
1
What is the value of (-4 + 0 - -4) + 3 - -1?
4
What is -35 - -28 - (-1 - -1)?
-7
-8 + (17 - (3 + 4))
2
What is the value of 4 + (-6 - -3) + 0 + -2?
-1
Evaluate (-8 - (-2 - 1)) + 3.
-2
What is the value of -13 + (-1 - 1) + 7?
-8
Evaluate -8 + (-4 + 11 - 5).
-6
Calculate -1 - -3 - (-4 - -1 - -11).
-6
(-4 - -2 - 3) + 14 + -12
-3
What is the value of 7 + -9 + (0 - 0)?
-2
1 - (-6 + 9 + 2)
-4
-4 + 3 + 5 + -3 + -7
-6
Calculate (0 - -6) + (4 - (13 - 1)).
-2
What is -5 + 5 - (-6 - (3 + -15))?
-6
2 + (2 - -5 - 5) + 1
5
What is -7 - (1 + -4 - 0) - -10?
6
What is the value of 0 + (5 - (-3 + 3 - -3))?
2
What is -8 - (2 - 7 - (-1 - -3))?
-1
-5 + (-6 - -7 - -3)
-1
What is the value of (3 - -1) + 9 + -10?
3
What is the value of -8 + 5 + 5 - -8?
10
What is the value of 3 - (-3 + 5 - -2)?
-1
-11 + 2 + -4 + (0 - -5)
-8
Evaluate (-6 - (2 - 1)) + (2 - -2).
-3
What is the value of -1 + (9 - 4) - 7?
-3
(-3 - (1 + -8)) + 0
4
(4 - (3 + 1 + 1)) + 1
0
What is -1 + (-1 - 9) - (-2 - 2)?
-7
2 + (-2 - (4 - (-1 + 4)))
-1
What is -6 - -9 - (5 - 0)?
-2
What is 166 + -159 + (-1 - -1 - 2)?
5
Evaluate 7 - (12 - 4 - (1 - -3)).
3
3 - (-2 + 6 + 2)
-3
Evaluate -4 - (-4 - (-6 + 4)).
-2
-13 + -3 - (-10 - 1)
-5
7 + -17 + 13 + -1 + -1
1
What is the value of -1 - -5 - (0 - (-3 - -6))?
7
Evaluate 1 + (4 - (2 + 2)) - -2.
3
Evaluate 1 + -7 + 4 - (3 + -7).
2
Calculate 0 + 4 + (-7 - -3).
0
5 - (-2 - (1 - 3))
5
-4 + -5 + 3 + 5
-1
What is -231 - -223 - (1 - -1)?
-10
Evaluate 3 + (10 - 6) + -3.
4
Calculate -8 - (1 + -14 + -1).
6
What is the value of 1 + -1 + 9 + -4 + -1?
4
Calculate 11 + -7 + 15 + -15.
4
5 + -4 + 4 + -3
2
Calculate 3 + 2 + 1 + -5 + 0.
1
What is 2 + (-4 + 6 - 4) + 0?
0
Evaluate 3 + -1 + (-5 - -3 - 3).
-3
Evaluate (-1 - -3) + -4 - (-7 + 0).
5
What is the value of -24 + 12 - (-1 + -8)?
-3
(4 - (3 + -4)) + (-8 - -4)
1
(-2 - 5) + (12 - 11)
-6
What is (-9 - 1) + -5 - -8?
-7
Evaluate (-5 - (7 + -7)) + 13.
8
-10 - -6 - (0 - 7)
3
Evaluate -2 + 2 + 5 + 5 + -5.
5
(5 - 7) + 15 + -2 - 6
5
4 - (4 + 4) - -2
-2
-1 - (-5 + 4 + -2)
2
8 - 2 - 4 - -3
5
What is -7 + (6 + 6 - 6)?
-1
Evaluate -1 + 4 + -6 + -11 + 11.
-3
(-2 - -3 - (3 - -1)) + -2
-5
What is (3 - 7 - -4) + 4?
4
Calculate -5 + 3 - (-1 - -1) - -6.
4
What is the value of (-5 + 2 - 0) + 0?
-3
0 + -3 + (-18 - -18)
-3
Calculate -8 - (-16 + 7) - (0 - -1).
0
-9 + 12 - (-1 - -7)
-3
What is the value of 2 + -5 + 5 + 0?
2
(8 + -4 - 0) + -2
2
(16 - (-6 - -10)) + -7
5
What is (0 - 5) + 5 + 3 + -7?
-4
Calculate 3 - ((-2 - 0) + 2) - 1.
2
Evaluate 5 - (-4 - -11 - 11 - -7).
2
Evaluate -2 + (3 - -4 - (7 - 7)).
5
What is the value of -3 + 0 + 6 + -4 + -1?
-2
-5 + (-3 - -2 - -1 - -5)
0
Calculate 0 + -6 + -4 + 4 + 9.
3
Calculate -6 - -9 - -2 - 3.
2
Calculate 10 + -9 - (-1 - -2 - 2).
2
What is the value of 1 + -7 - (-39 + 33)?
0
1 + 3 - (2 - 1)
3
Evaluate 7 + (-5 - (6 + -8)).
4
What is the value of 2 + -20 + (-86 - -98)?
-6
What is the value of 4 - (-3 - 1 - -7)?
1
What is -4 + (1 - -7) - 3?
1
What is the value of 11 + -4 - (4 + -1) - 1?
3
Calculate -3 + (9 - 1) - (12 - 2).
-5
(6 - (7 + -2)) + 4
5
What is -20 + (-4 - (-5 + -10))?
-9
-7 + 11 + -16 - -8
-4
What is the value of (2 - -2 - 1) + 1?
4
(-137 - -142) + (-2 - -2)
5
What is the value of -6 + 1 + -10 + 19 + -6?
-2
-3 - -10 - (-2 - -9) - -5
5
Calculate 4 - (8 + 0 + 5 + -12).
3
Calculate (2 + -14 - -5) + 12 + -5.
0
(-3 - -2) + (1 - (-2 - -1))
1
Calculate -11 - -10 - (5 - 2).
-4
What is the value of -1 + 12 + -6 - -1?
6
What is (2 - 1) + (5 - (2 - 1))?
5
Calculate -2 + -2 - (-1 - -3 - 3).
-3
(5 - 10) + (-11 - -7)
-9
What is 5 - 0 - (6 - -1)?
-2
Evaluate 2 - (-4 - (1 - 8)).
-1
Calculate 10 - (8 - 1 - 5).
8
-22 + 8 - (-3 + -5)
-6
Evaluate 0 + 3 - (-21 - -17).
7
What is 5 - (4 + -4) - 4?
1
6 + (4 - 10) + 2
2
What is 35 + -35 - (2 - 4 - 3)?
5
5 + 0 - 4 - (4 - 0)
-3
-12 - -1 - (-1 - (-7 - -11))
-6
What is the value of 0 - (3 + -15 - -4)?
8
6 + -6 - (0 - -5)
-5
Calculate 0 - (-1 - -25 - 14).
-10
(-10 - -6 - 0) + 4
0
Calculate 0 + -4 - -6 - (6 - 0).
-4
Evaluate (1 - 0) + 4 + (-4 - 3).
-2
What is 3 + (-10 - (-8 - -4))?
-3
What is -11 + 29 - 8 - 11?
-1
What is the value of (1 - (2 + 2)) + -2?
-5
Evaluate -3 + -1 + 0 - (14 - 15).
-3
Calculate (-6 - (2 + 5 + -10)) + 8.
5
What is 9 + -2 + (-83 - -73)?
-3
Calculate 6 - (-1 + (3 + 1 - 0)).
3
What is (5 - (-9 - -16)) + -7?
-9
Evaluate 0 - (-2 + 7 + -3 + 0).
-2
What is the value of 7 + 1 + -2 + -7?
-1
-9 + (4 - (3 + 2 + -7))
-3
Calculate (-1 - -1) + 3 + -4.
-1
Evaluate -3 + 0 - (-16 - -12).
1
What is 5 - (-6 + 6 + 4)?
1
3 + (4 - (0 - (-1 - 3)))
3
What is the value of 4 - 2 - -4 - 5?
1
-4 + (-5 - (-18 - -5))
4
Evaluate 11 + (-5 - (-6 + -2) - 4).
10
6 - (-9 + (26 - 6))
-5
What is (-9 + 14 - 11) + 10?
4
What is -10 - (-11 + 17 + -10)?
-6
-1 + -1 + (-1 - -4 - 2)
-1
0 - (-4 + (4 - 2 - -1))
1
Evaluate -2 - 1 - (-3 + 0).
0
What is the value of 5 + (0 + 3 - 0) - 4?
4
What is the value of (1 - 3) + (1 - -2) - 4?
-3
What is (5 - 10) + 14 + -1?
8
Calculate -7 + 2 - (-2 + 3) - -2.
-4
-1 - (-1 + (2 - 2)) - -4
4
3 - (4 + 2 - (-17 - -11))
-9
4 + -4 + (-5 - (-13 + 6))
2
Calculate 80 - 71 - (9 - 0).
0
(-2 + 8 - 3) + 2
5
What is the value of 12 - 2 - (2 + 1)?
7
(2 + -3 - -5) + -6
-2
-5 + (-2 + 3 + 2 - 0)
-2
-7 + 0 - (-2 + -1)
-4
Evaluate 0 - ((3 - -